lse
Is 8017111 a prime number?
True
Is 497597 a composite number?
False
Is 264961649 composite?
True
Is 17685721 prime?
True
Is 2660701 a composite number?
True
Is 13669 prime?
True
Is 2673857 prime?
True
Is 4273487 composite?
True
Is 42749947 a composite number?
False
Is 2837797 a prime number?
False
Is 11736789 a prime number?
False
Is 192932783 composite?
True
Is 5783443 prime?
True
Is 5066777 a prime number?
True
Is 12821867 a composite number?
True
Is 1110167 a prime number?
True
Is 4233331 a composite number?
False
Is 20433877 a composite number?
False
Is 30404659 a composite number?
False
Is 4175453 a prime number?
True
Is 595373 prime?
True
Is 2664887 composite?
True
Is 619467 a prime number?
False
Is 146362 prime?
False
Is 2714903 a prime number?
True
Is 36282097 prime?
False
Is 39705739 a composite number?
True
Is 65818997 prime?
False
Is 70929191 composite?
False
Is 1306281 composite?
True
Is 8588563 prime?
True
Is 620238061 prime?
False
Is 29953213 composite?
False
Is 22628101 a prime number?
True
Is 5043113 composite?
True
Is 2069851 a composite number?
True
Is 1114969 composite?
False
Is 11017673 composite?
False
Is 15918533 a composite number?
True
Is 28806391 a prime number?
False
Is 8887247 prime?
True
Is 50832181 prime?
False
Is 7885927 a prime number?
False
Is 1669441 composite?
False
Is 38162 composite?
True
Is 55812161 a prime number?
False
Is 109642249 a prime number?
True
Is 15206239 composite?
True
Is 26832219 a composite number?
True
Is 845863 a composite number?
False
Is 134527777 a composite number?
True
Is 138655159 composite?
False
Is 44687233 composite?
False
Is 175482499 composite?
True
Is 4388789 composite?
True
Is 65243231 composite?
True
Is 7011917 composite?
True
Is 77313653 a prime number?
False
Is 3684253 a prime number?
True
Is 114769685 prime?
False
Is 104370037 a prime number?
True
Is 800216119 a prime number?
True
Is 1768607 a prime number?
True
Is 357327541 composite?
True
Is 977539 a prime number?
True
Is 32636173 a composite number?
True
Is 3961597 prime?
True
Is 333139199 composite?
True
Is 1517311 a prime number?
True
Is 3611143 a composite number?
True
Is 9860479 a composite number?
False
Is 459883 prime?
True
Is 249509423 a prime number?
False
Is 74457211 prime?
True
Is 16597885 a composite number?
True
Is 6817157 composite?
False
Is 451873 a composite number?
False
Is 11189887 prime?
False
Is 83773 a prime number?
True
Is 33394831 prime?
False
Is 12803459 a composite number?
False
Is 767521 a composite number?
False
Is 241119959 composite?
True
Is 27589981 composite?
True
Is 867371 a prime number?
True
Is 65338691 composite?
True
Is 1890521 prime?
True
Is 590683 a prime number?
False
Is 1030411 a prime number?
True
Is 4390489 composite?
False
Is 296131 a prime number?
False
Is 1007389 composite?
True
Is 14010551 a prime number?
True
Is 151121 composite?
False
Is 68821682 a prime number?
False
Is 80113 prime?
False
Is 31664419 a prime number?
True
Is 774737 a prime number?
False
Is 59293723 a composite number?
True
Is 167879 composite?
False
Is 43628138 a prime number?
False
Is 20061491 a prime number?
True
Is 17578801 a composite number?
True
Is 31534045 composite?
True
Is 1358429 prime?
False
Is 928704479 composite?
True
Is 8112911 composite?
False
Is 2453369 composite?
False
Is 137757146 a prime number?
False
Is 1377529 a prime number?
False
Is 6023581 composite?
False
Is 36863569 prime?
True
Is 49710098 composite?
True
Is 107732549 composite?
False
Is 290552023 composite?
False
Is 1463587 composite?
False
Is 532290709 a prime number?
False
Is 12340023 prime?
False
Is 99507721 a prime number?
True
Is 662235199 composite?
True
Is 7255559 a composite number?
True
Is 190175341 prime?
True
Is 1325251 composite?
False
Is 1170899 composite?
False
Is 583681 prime?
False
Is 3437569 a composite number?
True
Is 37808311 composite?
False
Is 15829939 a composite number?
True
Is 27285667 prime?
False
Is 14112911 prime?
True
Is 67854883 a prime number?
True
Is 10364387 a prime number?
False
Is 31832111 prime?
False
Is 63977 a prime number?
True
Is 655807 a prime number?
True
Is 27601913 a composite number?
False
Is 19602862 composite?
True
Is 375083651 composite?
True
Is 1025339 a prime number?
False
Is 29855977 a prime number?
True
Is 32393 composite?
True
Is 8746141 prime?
False
Is 57081217 a prime number?
True
Is 70596611 composite?
True
Is 24059767 a composite number?
True
Is 7192891 a prime number?
False
Is 1999533 prime?
False
Is 4056923 a composite number?
True
Is 253087 a prime number?
False
Is 342389023 composite?
False
Is 216991 a prime number?
True
Is 5946793 composite?
False
Is 1275377887 composite?
True
Is 51322933 a composite number?
True
Is 71095477 composite?
False
Is 52859 prime?
True
Is 2298577 a prime number?
True
Is 4990019 a prime number?
True
Is 9830945 a prime number?
False
Is 103975489 composite?
False
Is 381167 composite?
False
Is 2198141 composite?
True
Is 1812871 a prime number?
True
Is 2112701 a composite number?
True
Is 438182681 composite?
False
Is 10870297 composite?
True
Is 460737937 a composite number?
True
Is 817726495 prime?
False
Is 478999 a prime number?
True
Is 1180349 a composite number?
True
Is 12276049 a composite number?
False
Is 16138477 a composite number?
False
Is 506652053 prime?
True
Is 71527813 a prime number?
False
Is 719551 a prime number?
False
Is 1427893 a prime number?
True
Is 5854243 a composite number?
False
Is 148300549 a prime number?
True
Is 124667441 composite?
True
Is 1281401 a composite number?
True
Is 884894 a composite number?
True
Is 1000013311 a prime number?
False
Is 91017931 a composite number?
False
Is 546711023 composite?
False
Is 433364747 a composite number?
False
Is 4892257 composite?
False
Is 583837 a prime number?
False
Is 3328769 prime?
False
Is 1803773 composite?
True
Is 3519199 prime?
False
Is 99469 a composite number?
False
Is 1353449 a prime number?
True
Is 45219599 composite?
False
Is 121179437 a prime number?
True
Is 38713883 composite?
True
Is 16690907 a prime number?
False
Is 834653 a composite number?
False
Is 10099157 composite?
True
Is 4430227 a composite number?
False
Is 433091231 composite?
False
Is 76966129 a prime number?
True
Is 103792631 a prime number?
True
Is 10763951 a prime number?
False
Is 25835209 composite?
False
Is 287297489 a prime number?
False
Is 54606127 a prime number?
False
Is 8926217 prime?
True
Is 438099 prime?
False
Is 32125763 prime?
False
Is 210389 prime?
False
Is 495069269 prime?
True
Is 54043601 a prime number?
False
Is 54656983 a composite number?
False
Is 151358253 prime?
False
Is 117612557 prime?
True
Is 12038483 composite?
False
Is 7845361 a prime number?
True
Is 219810637 prime?
True
Is 4700651 composite?
True
Is 130826483 a composite number?
False
Is 280826473 a composite number?
True
Is 179789017 a prime number?
False
Is 6474311 a prime number?
True
Is 634814581 prime?
True
Is 13183354 a prime number?
False
Is 9261137 a prime number?
False
Is 44856269 prime?
True
Is 2472049 a prime number?
True
Is 27990229 a composite number?
True
Is 371009 composite?
True
Is 102036349 a prime number?
False
Is 28446757 prime?
False
Is 1628867 a composite number?
False
Is 4817793 a prime number?
False
Is 147940162 a prime number?
False
Is 516186163 prime?
False
Is 6439679 composite?
False
Is 4721731 prime?
False
Is 2987561 a composite number?
False
Is 16378801 prime?
False
Is 877121 prime?
False
Is 10235893 prime?
True
Is 426066187 prime?
True
Is 37970021 a prime number?
True
Is 436434879 composite?
True
Is 16633459 a prime number?
True
Is 77181386 prime?
False
Is 19995491 a prime number?
True
Is 16085479 a composite number?
True
Is 488783 a composite number?
True
Is 215869 prime?
False
Is 257364641 composite?
True
Is 152517683 a composite number?
False
Is 114680167 composite?
True
Is 1169801719 a prime number?
True
Is 4685749 prime?
True
Is 1462459 a composite number?
True
Is 142619 a prime number?
True
Is 332079637 a composite number?
False
Is 57329171 composite?
False
Is 4957549 a prime number?
True
Is 21393733 a prime number?
False
Is 28836557 prime?
True
Is 64969 a prime number?
True
Is 64600321 a composite number?
False
Is 3865321 composite?
False
Is 1493717 prime?
True
Is 150031 prime?
False
Is 